1 = 0, 0*o + 3*o + 4*s - r = 0. What is the highest common factor of 13 and o?
13
Suppose -9961 = -24*x + 8228 - 2277. Calculate the greatest common factor of x and 3.
3
Let f = 239 - 234. Suppose -x - 26 - f = -2*c, 3*x - 50 = -5*c. Suppose -5*w + 449 = -3*q, w + q = -0*q + 93. Calculate the highest common factor of w and c.
13
Suppose 0*v + 3*a - 3 = 3*v, -a + 1 = 2*v. Suppose 4*f + 22 = 5*r + 5*f, r + 2*f + 1 = v. Suppose -1 = -2*y + r. Calculate the highest common factor of 3 and y.
3
Suppose -s = i - 2, 5*i + 2 = 6*i - 5*s. Let y(a) = 2*a**2 + 3*a + 16. Let c be y(-5). Calculate the highest common divisor of c and i.
1
Suppose 7*y - 11*y + 28 = 0. Suppose 0 = -4*z - 5*p + 725, -3*z + y*p - 2*p + 535 = 0. Calculate the highest common factor of 45 and z.
45
Let p be 2/6 - -2*10/30. Let i be -3 - (3/((-6)/128) + p). What is the greatest common divisor of 12 and i?
12
Suppose -2*t + 0*t = -3*g + 291, 2*t + 4*g + 256 = 0. Let l = -96 - t. Let h = 52 - l. Calculate the greatest common factor of 80 and h.
10
Suppose 5*q - 4*q - 6 = 0. Let w be 4/q + 32/6. Suppose -110*v + 108*v = -5*a - 66, -5*v - 3*a + 258 = 0. Calculate the greatest common divisor of w and v.
6
Let k(j) = j**2 - 25*j - 295. Let i be k(-9). What is the highest common divisor of i and 54?
1
Let n = 82 + -72. Let q be (((-80)/(-28))/(-1))/(n/(-35)). What is the greatest common divisor of q and 4?
2
Let x(q) = 6*q**2 + 35*q - 223. Let c be x(-23). Calculate the greatest common divisor of 522 and c.
58
Let o(r) = 105*r + 162. Let u be o(-23). Let x = -1533 - u. What is the greatest common factor of x and 60?
60
Let z be -5 - -7 - (-4 + -2224). Calculate the greatest common divisor of z and 20.
10
Let b(u) = 4*u**2 + 14*u - 19*u - 8 - 2*u. Let z be b(-1). Let v(f) = f + 11. Let g be v(-8). What is the greatest common factor of g and z?
3
Let b be ((3*63)/(9/(-18)))/(4 + -6). Calculate the highest common factor of 315 and b.
63
Let s be (-14 + 7 + 395)*-1. Let i = s + 394. What is the greatest common divisor of i and 16?
2
Suppose -2*w = -5*c + 13, -13*w + c - 4 = -14*w. What is the highest common factor of 436 and w?
1
Suppose -12 = 3*z, 0 = -5*h - 4*z + 1723 + 386. What is the highest common divisor of 125 and h?
25
Suppose 78*z = -5*z + 1079. What is the greatest common divisor of z and 3809?
13
Let p = 382 - 348. Suppose 0 = -10*j + p + 66. Suppose 48 = o - 2*l, -4*o + 4*l = -l - 180. Calculate the highest common factor of o and j.
10
Let b = 6121 + -6120. Calculate the greatest common factor of b and 3229.
1
Let y be 1/14 + (-4235)/(-1078). Suppose 31*l - y*l - 1053 = 0. Calculate the highest common divisor of l and 12.
3
Let c(p) = 2*p + 54. Suppose -7*u + 4*u + 15 = -5*x, 5*x + 45 = -3*u. Let y be c(x). Calculate the highest common factor of y and 168.
42
Let v(k) = k**3 + 39*k**2 - 44*k - 533. Let d be v(-39). What is the highest common factor of d and 1690?
169
Let m be ((-132)/(-24))/(2*3/60). Let i = -48 + m. Suppose -4*p + 605 = i*p. What is the greatest common factor of 33 and p?
11
Let p(i) = -i**3 - 26*i**2 - 54*i + 60. Let d be p(-24). Calculate the highest common factor of 27 and d.
3
Let w = 1487 + 7104. Calculate the greatest common divisor of w and 71.
71
Let a(h) = -18 - 17 - 2*h + 11 + h**2 - 25*h. Let r be a(-12). Calculate the highest common divisor of r and 12.
12
Let y be (5/2)/((-5)/(-4)). Let o be (-15352)/(-285) + 6/45. What is the highest common factor of y and o?
2
Let f(s) = 2*s**2 - 67*s + 47. Let r be f(31). Let w = -81 - r. What is the greatest common factor of 297 and w?
27
Let c = 22 + -11. Let v(m) = 2*m**2 + 2*m - 7. Let u be v(-3). Suppose -5*i - q + 160 = 0, 6*i = u*i - q + 28. What is the greatest common divisor of i and c?
11
Let q be 2424/76 - (4 + (-1482)/361). Let i be -1 - (-14)/((-4)/(-2)). Suppose i = n - 10. What is the highest common factor of n and q?
16
Suppose -1 = -m, 0 = 4*b - 6*m + 3*m - 237. Let h be ((-910)/(-175))/(2/b). Calculate the highest common factor of 12 and h.
12
Let j be (-191)/(-9) - (-6)/(-27). Let q = -29030 - -29093. Calculate the highest common divisor of q and j.
21
Let b = 1472 + -1308. Calculate the greatest common factor of 1394 and b.
82
Let l = 1483 - 649. Suppose 3*i + 457 + 374 = 3*o, -2*i - l = -3*o. What is the greatest common divisor of o and 80?
40
Let q(c) = -c**3 - 23*c**2 - 21*c + 26. Let n be q(-22). Suppose 6*t - 11*t - 3*l + 32 = 0, 0 = -t - 5*l + 24. What is the greatest common divisor of t and n?
4
Suppose 4*o - 308 = -3*y - 2*y, -5*o = 4*y - 241. Let b = -82295 + 82743. What is the greatest common divisor of b and y?
64
Suppose 3*o - w = 5*o - 222, 4*o - 436 = -4*w. Suppose 2*k - 50 = -2*m, -7*k - o = -5*m - 8*k. Calculate the highest common divisor of 33 and m.
11
Let o be (-39)/(-6) - 1/2. Let h(r) = -r**3 + 55*r**2 + 233*r + 176. Let q be h(59). Let d be 51*(q - (-20)/o). What is the highest common factor of d and 7?
7
Let b(y) = -23*y - 31. Let h = 612 + -619. Let f be b(h). What is the highest common divisor of f and 10?
10
Let h = 5 - 2. Suppose -138*l + 1740 = 152*l. Calculate the greatest common factor of l and h.
3
Let r = 880 - 871. Suppose -2*m - 20 = -3*m. Let b be m/(-90) - (-38)/r. What is the highest common factor of 20 and b?
4
Let d(x) = 8*x + 71. Suppose 0 = -3*g - 4*r - 16 + 58, -4*g + 63 = 3*r. Let i be d(g). Calculate the highest common factor of 129 and i.
43
Let m = -85 - -349. Suppose -5*x + m = -4*g - 140, 2*x - 157 = -3*g. What is the highest common factor of x and 5?
5
Suppose 123*g = -27*g + 19*g + 10480. Calculate the greatest common divisor of g and 1500.
20
Suppose 6*b - 5*b - 4*t - 740 = 0, 0 = 3*b - 5*t - 2241. What is the highest common factor of 141 and b?
47
Suppose o = 3*h - 23, 3*h + 25 = -2*h. Let b = o + 20. Let j be (-20)/(9/(b/4)). What is the highest common factor of j and 25?
5
Let k = -33496 + 58976. What is the greatest common divisor of k and 26?
26
Let q(d) = -d**2 + 10*d + 5. Let c be q(8). Suppose -c = -j - 0*j. Let b be (-1*j)/((-15)/80 + 0). What is the highest common divisor of 16 and b?
16
Let d be (9 + (-289)/34)/((-2)/(-4)). Suppose -t + 8 - d = 0. Calculate the highest common divisor of 21 and t.
7
Let s(l) = -2*l**3 + 179*l**2 - 263*l - 28. Let i be s(88). Calculate the highest common factor of i and 1770.
30
Let z(v) = -14*v - 180. Let f be z(-13). Suppose f*s + 8*s - 710 = 0. Calculate the greatest common factor of 142 and s.
71
Let v(y) = y**3 - 22*y**2 + 58*y + 129. Let r be v(21). What is the greatest common divisor of r and 12?
6
Let x = -151 + 222. Suppose 2*p = 83 - x. Suppose 0 = -3*t + t + 96. What is the highest common factor of t and p?
6
Let d(y) = 9*y**3 + 2*y**2 - 2*y. Suppose -2*o + 2 = 2*j + j, -3*o - j + 3 = 0. Let p be d(o). What is the highest common factor of p and 3?
3
Let x(o) = 3*o**3 + 159*o**2 + 120*o - 448. Let h be x(-52). Calculate the greatest common divisor of 512 and h.
16
Suppose -21500 = -40*v + 4420. Calculate the greatest common factor of 2997 and v.
81
Suppose 0 = 50*b - 58*b - 312. Suppose 0 = -7*g + 4*g - 21. Let r = g - b. What is the highest common divisor of 80 and r?
16
Suppose -2*r + v + 308 = 0, 16*v = 2*r + 11*v - 324. What is the greatest common divisor of r and 1064?
152
Let i be ((-14)/42)/((-3)/954). Calculate the greatest common divisor of 1219 and i.
53
Let w = 16755 + -14919. Calculate the greatest common divisor of 432 and w.
108
Let w be -18*7/(21/16). Let s be (15/20)/((-4)/w). What is the highest common divisor of s and 9?
9
Let i be 26/(-130) + (-6602)/(-10). Let b = -75 + 135. Calculate the highest common factor of i and b.
60
Let h = -238 + 241. Suppose -528 = 16*p - 20*p - 4*r, 261 = 2*p + h*r. What is the greatest common factor of 75 and p?
15
Let z be 80856/108*21 - (1 + 8). Calculate the highest common factor of z and 19.
19
Let d be (-559 + (-15)/5)*9/(-18). Let t = 603 - d. Calculate the greatest common divisor of 92 and t.
46
Suppose -68*w - 2*r + 10472 = -62*w, 0 = 2*w - 4*r - 3472. What is the highest common divisor of 272 and w?
16
Suppose -35*x - 13*x - 38448 = 0. Let f = x - -843. Calculate the greatest common divisor of f and 6.
6
Let p(v) = -v**2 + 18*v + 18. Let g = -13 + 28. Let l be p(g). Let z = l - 27. Calculate the greatest common factor of z and 90